6.
1
What is the remainder when 467539 is divided by 231?
226
Calculate the remainder when 1596 is divided by 1514.
82
Calculate the remainder when 19826 is divided by 157.
44
What is the remainder when 6830 is divided by 2276?
2
What is the remainder when 28962 is divided by 213?
207
Calculate the remainder when 227079 is divided by 41.
21
Calculate the remainder when 57000 is divided by 122.
26
What is the remainder when 4397 is divided by 2070?
257
What is the remainder when 1974016 is divided by 246751?
8
Calculate the remainder when 10596 is divided by 3516.
48
What is the remainder when 3619 is divided by 1385?
849
Calculate the remainder when 6439 is divided by 3208.
23
What is the remainder when 48550 is divided by 12136?
6
Calculate the remainder when 15672 is divided by 1686.
498
What is the remainder when 2536 is divided by 46?
6
Calculate the remainder when 201257 is divided by 171.
161
Calculate the remainder when 6780 is divided by 51.
48
Calculate the remainder when 7942 is divided by 3882.
178
Calculate the remainder when 93155 is divided by 31.
0
Calculate the remainder when 114505 is divided by 14.
13
What is the remainder when 11750 is divided by 14?
4
Calculate the remainder when 3029039 is divided by 120.
119
Calculate the remainder when 6080 is divided by 2016.
32
Calculate the remainder when 11071 is divided by 613.
37
Calculate the remainder when 12015 is divided by 2000.
15
Calculate the remainder when 13051 is divided by 6505.
41
Calculate the remainder when 166449 is divided by 81.
75
Calculate the remainder when 2420 is divided by 28.
12
What is the remainder when 814489 is divided by 47911?
2
What is the remainder when 3531 is divided by 458?
325
What is the remainder when 40317 is divided by 3327?
393
What is the remainder when 5265 is divided by 20?
5
What is the remainder when 22039 is divided by 365?
139
Calculate the remainder when 150156 is divided by 2346.
12
Calculate the remainder when 10025 is divided by 5004.
17
Calculate the remainder when 2400 is divided by 135.
105
What is the remainder when 8153 is divided by 56?
33
What is the remainder when 50334 is divided by 25009?
316
Calculate the remainder when 70 is divided by 10.
0
Calculate the remainder when 3264 is divided by 29.
16
Calculate the remainder when 1008 is divided by 741.
267
What is the remainder when 1379 is divided by 98?
7
Calculate the remainder when 128223 is divided by 964.
11
Calculate the remainder when 165143 is divided by 346.
101
Calculate the remainder when 28854 is divided by 2620.
34
What is the remainder when 39213 is divided by 1903?
1153
What is the remainder when 46663 is divided by 76?
75
What is the remainder when 1221 is divided by 467?
287
Calculate the remainder when 7033 is divided by 48.
25
What is the remainder when 1205 is divided by 47?
30
What is the remainder when 10416 is divided by 222?
204
Calculate the remainder when 2331323 is divided by 279.
278
Calculate the remainder when 20029 is divided by 213.
7
What is the remainder when 13132 is divided by 699?
550
What is the remainder when 3644 is divided by 554?
320
What is the remainder when 191197 is divided by 7?
6
Calculate the remainder when 14076 is divided by 593.
437
What is the remainder when 23456 is divided by 23?
19
Calculate the remainder when 4243 is divided by 129.
115
What is the remainder when 54837 is divided by 5483?
7
What is the remainder when 733800 is divided by 17?
12
Calculate the remainder when 1739 is divided by 1714.
25
Calculate the remainder when 11040 is divided by 92.
0
Calculate the remainder when 184319 is divided by 649.
3
Calculate the remainder when 2457 is divided by 86.
49
Calculate the remainder when 53819 is divided by 505.
289
What is the remainder when 399 is divided by 35?
14
What is the remainder when 322837 is divided by 38?
27
Calculate the remainder when 101584 is divided by 273.
28
Calculate the remainder when 9702 is divided by 9695.
7
What is the remainder when 74561 is divided by 23?
18
Calculate the remainder when 3235 is divided by 1467.
301
Calculate the remainder when 97337 is divided by 169.
162
Calculate the remainder when 75712 is divided by 1305.
22
What is the remainder when 11912 is divided by 20?
12
What is the remainder when 6222 is divided by 68?
34
Calculate the remainder when 203739 is divided by 668.
667
What is the remainder when 356640 is divided by 319?
317
What is the remainder when 60816 is divided by 8?
0
What is the remainder when 4601 is divided by 201?
179
Calculate the remainder when 34930 is divided by 11642.
4
What is the remainder when 908196 is divided by 100?
96
What is the remainder when 386 is divided by 40?
26
Calculate the remainder when 825 is divided by 382.
61
What is the remainder when 245354 is divided by 24533?
24
What is the remainder when 25027 is divided by 222?
163
Calculate the remainder when 1305 is divided by 839.
466
What is the remainder when 4770 is divided by 4?
2
Calculate the remainder when 15106 is divided by 3.
1
What is the remainder when 758 is divided by 5?
3
What is the remainder when 30350 is divided by 595?
5
Calculate the remainder when 5250 is divided by 581.
21
Calculate the remainder when 1600 is divided by 1087.
513
What is the remainder when 3560 is divided by 1153?
101
What is the remainder when 9807 is divided by 327?
324
Calculate the remainder when 1084 is divided by 148.
48
Calculate the remainder when 16595 is divided by 45.
35
Calculate the remainder when 7302 is divided by 1524.
1206
Calculate the remainder when 1011 is divided by 551.
460
What is the remainder when 585 is divided by 145?
5
What is the remainder when 661478 is divided by 719?
717
What is the remainder when 14640 is divided by 444?
432
What is the remainder when 65867 is divided by 5984?
43
What is the remainder when 54920 is divided by 785?
755
What is the remainder when 431031 is divided by 62?
7
Calculate the remainder when 16361 is divided by 73.
9
What is the remainder when 1142 is divided by 376?
14
Calculate the remainder when 124096 is divided by 106.
76
Calculate the remainder when 158638 is divided by 468.
454
Calculate the remainder when 16294 is divided by 8131.
32
What is the remainder when 1294 is divided by 299?
98
Calculate the remainder when 2612 is divided by 2398.
214
Calculate the remainder when 751426 is divided by 11741.
2
What is the remainder when 54998 is divided by 25?
23
Calculate the remainder when 151312 is divided by 388.
380
Calculate the remainder when 6301 is divided by 121.
9
Calculate the remainder when 3817 is divided by 3604.
213
What is the remainder when 7445 is divided by 1001?
438
What is the remainder when 55685 is divided by 1325?
35
Calculate the remainder when 2546 is divided by 83.
56
What is the remainder when 8399 is divided by 1197?
20
What is the remainder when 6076 is divided by 2389?
1298
Calculate the remainder when 9464 is divided by 107.
48
What is the remainder when 2119 is divided by 20?
19
What is the remainder when 101537 is divided by 37?
9
What is the remainder when 4361 is divided by 1066?
97
Calculate the remainder when 28656 is divided by 398.
0
What is the remainder when 591 is divided by 56?
31
What is the remainder when 876 is divided by 19?
2
Calculate the remainder when 4732 is divided by 642.
238
What is the remainder when 1076752 is divided by 201?
196
What is the remainder when 19090 is divided by 847?
456
What is the remainder when 46941 is divided by 18?
15
What is the remainder when 17039 is divided by 4256?
15
What is the remainder when 165612 is divided by 63?
48
What is the remainder when 4119 is divided by 554?
241
What is the remainder when 671 is divided by 30?
11
Calculate the remainder when 571470 is divided by 187.
185
Calculate the remainder when 123228 is divided by 1325.
3
Calculate the remainder when 5004 is divided by 1636.
96
What is the remainder when 25605 is divided by 30?
15
What is the remainder when 135 is divided by 18?
9
Calculate the remainder when 30079 is divided by 83.
33
Calculate the remainder when 73036 is divided by 14604.
16
What is the remainder when 12924 is divided by 150?
24
Calculate the remainder when 1480 is divided by 20.
0
What is the remainder when 222